 9, what is 1 + -4726287?
-4726286
In base 7, what is 31022210 + -4?
31022203
In base 8, what is -20147575 - 56?
-20147653
In base 3, what is 10 + 1201120200010?
1201120200020
In base 14, what is -28 - 38a3b?
-38a65
In base 10, what is 23 - -8021905?
8021928
In base 5, what is -3111 + -1022303?
-1030414
In base 10, what is 2479001 - 2?
2478999
In base 12, what is 5 + 10680a2?
10680a7
In base 2, what is -111011100010110001101001 - -11?
-111011100010110001100110
In base 5, what is -2 - -32012004214?
32012004212
In base 11, what is 3192 - -640?
3822
In base 8, what is 777 + -272?
505
In base 10, what is -39057 + 493?
-38564
In base 6, what is -22325 + 1333334?
1311005
In base 8, what is -12117 + -314?
-12433
In base 3, what is 100122022220201 + -12?
100122022220112
In base 14, what is -25c0b0 + 239?
-25bc75
In base 5, what is -3134 + 1120312?
1112123
In base 15, what is -1e03 - -2a1?
-1b52
In base 12, what is -843b - 2aa6?
-b325
In base 11, what is -a579 - 2725?
-121a3
In base 9, what is 1364 + -817087?
-815623
In base 13, what is 69 + -47076?
-4700a
In base 10, what is -186 + -299708?
-299894
In base 5, what is 4414 + 13130?
23044
In base 6, what is 25 + -1334322543?
-1334322514
In base 6, what is 10324 - -411454?
422222
In base 4, what is -3021 + -212220200?
-212223221
In base 11, what is -32574 - -4073?
-29501
In base 9, what is -11702 + -155325?
-167127
In base 3, what is 12 - -21200212100?
21200212112
In base 13, what is -3 + -6a60480?
-6a60483
In base 4, what is 3221 + 120011221?
120021102
In base 10, what is -5 - 85033544?
-85033549
In base 9, what is -2670 + 7768?
5088
In base 14, what is -2d1b - 102?
-301d
In base 5, what is 1222242440 + -3?
1222242432
In base 9, what is -72554 + -7?
-72562
In base 3, what is -22102022 - -201001?
-21201021
In base 4, what is -1013112 - -103102?
-310010
In base 11, what is 45610 - -1292?
468a2
In base 8, what is 3 + -40572477?
-40572474
In base 6, what is 5113330 - -2245?
5120015
In base 15, what is -233 - 1c632d?
-1c6561
In base 14, what is 12d + -12b4b?
-12a1c
In base 15, what is -4 - c2659?
-c265d
In base 4, what is -100003020 + -3032?
-100012112
In base 7, what is 4306 + -40154?
-32545
In base 15, what is -83b8 + -717?
-8ad0
In base 16, what is -4f - -6fa3e?
6f9ef
In base 6, what is -15100 - -3255423?
3240323
In base 8, what is 4460505 + 1016?
4461523
In base 9, what is -5742818 + 22?
-5742786
In base 15, what is -39707 - 485?
-39b8c
In base 13, what is 763 + 1a9?
93c
In base 6, what is 0 + 155255001?
155255001
In base 10, what is 65919 - 1023?
64896
In base 7, what is 24515322 + -4?
24515315
In base 9, what is 3 + 335447883?
335447886
In base 16, what is 5f5 - 265b?
-2066
In base 11, what is -45 - -255383?
255339
In base 3, what is 12 + -10202120120200?
-10202120120111
In base 8, what is 563622 + -706?
562714
In base 16, what is -2 - 5a5fa8c?
-5a5fa8e
In base 3, what is 1001211002 - -22001?
1002010010
In base 2, what is -101000011010011000 + -1001101?
-101000011011100101
In base 15, what is -13ba7 - 21b9?
-15d71
In base 14, what is -4 - 61835?
-61839
In base 14, what is -78834 + 353?
-784c1
In base 14, what is -790 - ccbac?
-cd55c
In base 13, what is -1b9607 - 87?
-1b9691
In base 3, what is 120210212 - 1121201?
112012011
In base 11, what is 24a26 + -1220?
23806
In base 2, what is -100000110010101000 + -10111111110?
-100001001010100110
In base 14, what is 7 + -100808?
-100801
In base 7, what is -50 - 22026526?
-22026606
In base 16, what is -444c6 + 11?
-444b5
In base 6, what is -1 + -122553512?
-122553513
In base 16, what is -9 - -974a49e?
974a495
In base 7, what is 3 + 16465423?
16465426
In base 12, what is 3a798 - -114?
3a8b0
In base 9, what is -13042608 - -20?
-13042578
In base 13, what is -816 - 37a?
-b93
In base 2, what is 100111011101000000011000010 + -101?
100111011101000000010111101
In base 3, what is 1110011 + 100210102112?
100211212200
In base 6, what is 54121002323 + 4?
54121002331
In base 15, what is -4 + -b04b3a?
-b04b3e
In base 2, what is 111011001111100111001000 - 0?
111011001111100111001000
In base 10, what is 20 + -322517?
-322497
In base 8, what is -3353631231 + -4?
-3353631235
In base 16, what is 1 - 5af0e?
-5af0d
In base 12, what is -86a3 + 1230a?
5827
In base 5, what is 130 + -122414323?
-122414143
In base 2, what is -10000 - -1011000111110001000?
1011000111101111000
In base 5, what is 42322 + -24444?
12323
In base 14, what is -34d - 72cc?
-763b
In base 3, what is 12100111220210 - -1?
12100111220211
In base 3, what is -1002012211012000 + 11?
-1002012211011212
In base 7, what is 2 + 6626362?
6626364
In base 6, what is -41 + 55421024?
55420543
In base 14, what is 219c5 + 1348?
22d2d
In base 14, what is 116a - 16a68?
-158dc
In base 4, what is 103212 - -100333?
210211
In base 5, what is -1 - -10230302203?
10230302202
In base 14, what is -1 + 1dad75a?
1dad759
In base 11, what is 35722940 + -1?
3572293a
In base 3, what is -22020012 + 20120012?
-1200000
In base 14, what is -107d1 + 33?
-1079c
In base 5, what is 120223102 + 10?
120223112
In base 8, what is -204 + -150477?
-150703
In base 4, what is -112020 - -331303313?
331131233
In base 15, what is -27 - -16a1?
1679
In base 4, what is 1323031 - -2030020?
10013111
In base 14, what is -5 - 953b0?
-953b5
In base 12, what is -329 + -381116?
-381443
In base 10, what is 23492842 - 0?
23492842
In base 3, what is -1202111 - 1000220112?
-1002200000
In base 11, what is 3 + 1540875?
1540878
In base 2, what is -101100001010001011000000010 + 101?
-101100001010001010111111101
In base 8, what is -144307 - -631?
-143456
In base 12, what is 7b9269 + 10?
7b9279
In base 2, what is -1010000000001011111 - 111010?
-1010000000010011001
In base 5, what is 231314014 + -3?
231314011
In base 14, what is 1058c895 + -3?
1058c892
In base 9, what is 33 + -1888220?
-1888176
In base 4, what is -3320 - 20011313?
-20021233
In base 6, what is 10212 - 32440?
-22224
In base 3, what is -1000 + -10011100110?
-10011101110
In base 14, what is -1 + 1c00d545?
1c00d544
In base 14, what is -8ab86 - -693?
-8a4d3
In base 11, what is 40a47452 - -5?
40a47457
In base 2, what is -1010011111100000 - -1?
-1010011111011111
In base 16, what is -9d6b4 - 11?
-9d6c5
In base 6, what is -12352403 - 33?
-12352440
In base 12, what is 4 - -94a224?
94a228
In base 4, what is -2212013123221 - -1?
-2212013123220
In base 11, what is 1a190 + 93?
1a273
In base 2, what is 110100010111101010100 + -110?
110100010111101001110
In base 4, what is 22121323102010 - 3?
22121323102001
In base 14, what is -dc675 + 1?
-dc674
In base 14, what is -665d6 + 8?
-665cc
In base 13, what is -1 - 16c073?
-16c074
In base 16, what is 264b1fe + -2?
264b1fc
In base 15, what is 534 - -1e899?
1edcd
In base 5, what is -14 - -234010043?
234010024
In base 4, what is -103213303 + 213?
-103213030
In base 3, what is 2112201 + 100121221?
110011122
In base 9, what is -15147 - -62?
-15075
In base 9, what is 112 + 3114272?
3114384
In base 10, what is -40 - -8489?
8449
In base 9, what is -882433 + 48?
-882374
In base 13, what is 100947 - 43?
100904
In base 12, what is 90 - -192a164?
192a234
In base 16, what is 6c3af + -4f5?
6beba
In base 8, what is 26570555 - 5?
26570550
In base 5, what is -21130320041 + 3?
-21130320033
In base 12, what is -177a - 110a19?
-112597
In base 15, what is -1ad6 - eee?
-2ad5
In base 9, what is 704 - 1411614?
-1410810
In base 12, what is -5 + 15058766?
15058761
In base 8, what is -7766 - 20474?
-30462
In base 7, what is 21605 - -15?
21623
In base 10, what is -7633 + 13?
-7620
In base 12, what is 20ab42ba - -1?
20ab42bb
In base 16, what is 19731c - 5?
197317
In base 13, what is 2c + -7227965?
-7227936
In base 4, what is -11 + -13333312311132?
-13333312311203
In base 2, what is 1001100110001010101001 + -10010001?
1001100110001000011000
In base 12, what is -5668a13 + -49?
-5668a60
In base 2, what is -10001110110110110011001011110 - -1?
-10001110110110110011001011101
In base 8, what is -5 - -312725331?
312725324
In base 6, what is -10203 - 303021?
-313224
In base 7, what is -2 + -506100405?
-506100410
In base 3, what is 101112002200 - 1121?
101112001002
In base 4, what is -1011301 - 222302?
-1300203
In base 3, what is -2 - 1212010211010211?
-1212010211010220
In base 12, what is 53096657 + 4?
5309665b
In base 5, what i